{"id":45,"date":"2025-10-27T22:40:39","date_gmt":"2025-10-27T22:40:39","guid":{"rendered":"https:\/\/www.maikprotte.de\/wordpress\/?page_id=45"},"modified":"2026-02-19T11:04:59","modified_gmt":"2026-02-19T11:04:59","slug":"financial-world-business-news","status":"publish","type":"page","link":"https:\/\/www.maikprotte.de\/wordpress\/financial-world-business-news\/","title":{"rendered":"\ud83d\udcb5\ud83d\udcb2financial world &amp; business news"},"content":{"rendered":"<div class='__iawmlf-post-loop-links' style='display:none;' data-iawmlf-post-links='[{&quot;id&quot;:58,&quot;href&quot;:&quot;https:\\\/\\\/www.cnbc.com\\\/world&quot;,&quot;archived_href&quot;:&quot;&quot;,&quot;redirect_href&quot;:&quot;https:\\\/\\\/www.cnbc.com\\\/world\\\/&quot;,&quot;checks&quot;:[],&quot;broken&quot;:false,&quot;last_checked&quot;:null,&quot;process&quot;:&quot;done&quot;},{&quot;id&quot;:59,&quot;href&quot;:&quot;https:\\\/\\\/deutsche-boerse.com\\\/dbg-de&quot;,&quot;archived_href&quot;:&quot;https:\\\/\\\/web-wp.archive.org\\\/web\\\/20260309181458\\\/https:\\\/\\\/deutsche-boerse.com\\\/dbg-de\\\/&quot;,&quot;redirect_href&quot;:&quot;&quot;,&quot;checks&quot;:[{&quot;date&quot;:&quot;2026-03-11 13:41:25&quot;,&quot;http_code&quot;:206},{&quot;date&quot;:&quot;2026-03-19 11:43:25&quot;,&quot;http_code&quot;:206},{&quot;date&quot;:&quot;2026-03-22 13:52:41&quot;,&quot;http_code&quot;:503}],&quot;broken&quot;:false,&quot;last_checked&quot;:{&quot;date&quot;:&quot;2026-03-22 13:52:41&quot;,&quot;http_code&quot;:503},&quot;process&quot;:&quot;done&quot;},{&quot;id&quot;:60,&quot;href&quot;:&quot;https:\\\/\\\/www.der-bank-blog.de&quot;,&quot;archived_href&quot;:&quot;&quot;,&quot;redirect_href&quot;:&quot;&quot;,&quot;checks&quot;:[],&quot;broken&quot;:false,&quot;last_checked&quot;:null,&quot;process&quot;:&quot;done&quot;},{&quot;id&quot;:61,&quot;href&quot;:&quot;https:\\\/\\\/www.manager-magazin.de&quot;,&quot;archived_href&quot;:&quot;https:\\\/\\\/web-wp.archive.org\\\/web\\\/20260308152009\\\/https:\\\/\\\/www.manager-magazin.de\\\/&quot;,&quot;redirect_href&quot;:&quot;&quot;,&quot;checks&quot;:[{&quot;date&quot;:&quot;2026-03-11 13:41:39&quot;,&quot;http_code&quot;:206},{&quot;date&quot;:&quot;2026-03-19 11:43:19&quot;,&quot;http_code&quot;:206},{&quot;date&quot;:&quot;2026-03-22 13:52:36&quot;,&quot;http_code&quot;:206}],&quot;broken&quot;:false,&quot;last_checked&quot;:{&quot;date&quot;:&quot;2026-03-22 13:52:36&quot;,&quot;http_code&quot;:206},&quot;process&quot;:&quot;done&quot;},{&quot;id&quot;:62,&quot;href&quot;:&quot;https:\\\/\\\/www.dasinvestment.com&quot;,&quot;archived_href&quot;:&quot;https:\\\/\\\/web-wp.archive.org\\\/web\\\/20260222053638\\\/https:\\\/\\\/www.dasinvestment.com\\\/&quot;,&quot;redirect_href&quot;:&quot;&quot;,&quot;checks&quot;:[{&quot;date&quot;:&quot;2026-03-11 13:41:46&quot;,&quot;http_code&quot;:200},{&quot;date&quot;:&quot;2026-03-22 13:52:36&quot;,&quot;http_code&quot;:200}],&quot;broken&quot;:false,&quot;last_checked&quot;:{&quot;date&quot;:&quot;2026-03-22 13:52:36&quot;,&quot;http_code&quot;:200},&quot;process&quot;:&quot;done&quot;}]'><\/div><style>\n    a {<br \/>\n      text-decoration: none;<br \/>\n      color: #000000; \/* optional: Linkfarbe *\/<br \/>\n    }<br \/>\n    a:hover {<br \/>\n      text-decoration: underline; \/* optional: Unterstreichung beim Hover *\/<br \/>\n    }<br \/>\n  <\/style>\n<p><BR><BR><\/p>\n\n\n<figure class=\"wp-block-image size-medium is-style-default\"><img loading=\"lazy\" decoding=\"async\" width=\"300\" height=\"169\" src=\"https:\/\/www.maikprotte.de\/wordpress\/wp-content\/uploads\/2025\/10\/iStock-1401369911-300x169.jpg\" alt=\"\" class=\"wp-image-50\" srcset=\"https:\/\/www.maikprotte.de\/wordpress\/wp-content\/uploads\/2025\/10\/iStock-1401369911-300x169.jpg 300w, https:\/\/www.maikprotte.de\/wordpress\/wp-content\/uploads\/2025\/10\/iStock-1401369911-1024x576.jpg 1024w, https:\/\/www.maikprotte.de\/wordpress\/wp-content\/uploads\/2025\/10\/iStock-1401369911-768x432.jpg 768w, https:\/\/www.maikprotte.de\/wordpress\/wp-content\/uploads\/2025\/10\/iStock-1401369911-1536x864.jpg 1536w, https:\/\/www.maikprotte.de\/wordpress\/wp-content\/uploads\/2025\/10\/iStock-1401369911-2048x1152.jpg 2048w, https:\/\/www.maikprotte.de\/wordpress\/wp-content\/uploads\/2025\/10\/iStock-1401369911-624x351.jpg 624w\" sizes=\"auto, (max-width: 300px) 100vw, 300px\" \/><\/figure>\n\n\n<p><BR><BR><\/p>\n\n\n<div class=\"wp-block-columns is-layout-flex wp-container-core-columns-is-layout-9d6595d7 wp-block-columns-is-layout-flex\">\n<div class=\"wp-block-column is-layout-flow wp-block-column-is-layout-flow\" style=\"flex-basis:100%\">\n<div class=\"wp-block-font-awesome-icon wp-font-awesome-icon\"><svg aria-hidden=\"true\" focusable=\"false\" data-prefix=\"fas\" data-icon=\"flag-usa\" class=\"svg-inline--fa fa-flag-usa fa-beat-fade \" role=\"img\" xmlns=\"http:\/\/www.w3.org\/2000\/svg\" viewBox=\"0 0 448 512\" style=\"font-size:4em\" color=\"#21759b\"><path fill=\"currentColor\" d=\"M32 0C49.7 0 64 14.3 64 32l0 16 69-17.2c38.1-9.5 78.3-5.1 113.5 12.5 46.3 23.2 100.8 23.2 147.1 0l9.6-4.8C423.8 28.1 448 43.1 448 66.1l0 36.1-44.7 16.2c-42.8 15.6-90 13.9-131.6-4.6l-16.1-7.2c-20.3-9-41.8-14.7-63.6-16.9l0 32.2c17.4 2.1 34.4 6.7 50.6 13.9l16.1 7.2c49.2 21.9 105 23.8 155.6 5.4l33.7-12.3 0 62-44.7 16.2c-42.8 15.6-90 13.9-131.6-4.6l-16.1-7.2c-40.2-17.9-85-22.5-128.1-13.3l-63.5 13.6 0 32.7 70.2-15.1c36.4-7.8 74.3-3.9 108.4 11.3l16.1 7.2c49.2 21.9 105 23.8 155.6 5.4l33.7-12.3 0 61.9-44.7 16.2c-42.8 15.6-90 13.9-131.6-4.6l-16.1-7.2c-40.2-17.9-85-22.5-128.1-13.3l-63.5 13.6 0 32.7 70.2-15.1c36.4-7.8 74.3-3.9 108.4 11.3l16.1 7.2c49.2 21.9 105 23.8 155.6 5.4l33.7-12.3 0 33.5c0 13.3-8.3 25.3-20.8 30l-34.7 13c-46.2 17.3-97.6 14.6-141.7-7.4-37.9-19-81.4-23.7-122.5-13.4L64 400 64 480c0 17.7-14.3 32-32 32S0 497.7 0 480L0 32C0 14.3 14.3 0 32 0zm80 96a16 16 0 1 0 -32 0 16 16 0 1 0 32 0zm32 0a16 16 0 1 0 0-32 16 16 0 1 0 0 32zm-32 48a16 16 0 1 0 -32 0 16 16 0 1 0 32 0zm32 0a16 16 0 1 0 0-32 16 16 0 1 0 0 32z\"><\/path><\/svg><\/div>\n<\/div>\n<\/div>\n\n\n<p><br \/><br \/><\/p>\n\n<h1 class=\"wp-block-heading\"><a href=\"https:\/\/www.cnbc.com\/world\/\" target=\"_blank\" rel=\"noreferrer noopener\">CNBC<\/a>&#8211;&nbsp;International Business, World News &#038; Global Stock Market Analysis<\/h1>\n\n\n<h1 class=\"wp-block-heading\"><a href=\"https:\/\/deutsche-boerse.com\/dbg-de\/\" target=\"_blank\" rel=\"noreferrer noopener\">Deutsche B\u00f6rse<\/a>&#8211;&nbsp;Gruppe Deutsche B\u00f6rse<\/h1>\n\n\n\n<h1 class=\"wp-block-heading\"><a href=\"https:\/\/www.der-bank-blog.de\/\" target=\"_blank\" rel=\"noreferrer noopener\">Der Bank Blog<\/a>&#8211;&nbsp;Der Bank Blog: Trends und Strategien f\u00fcr Finanzdienstleister<\/h1>\n\n\n\n<h1 class=\"wp-block-heading\"><a href=\"https:\/\/www.manager-magazin.de\/\" target=\"_blank\" rel=\"noreferrer noopener\">manager magazin<\/a>&#8211;&nbsp;Wirtschaftsnachrichten<\/h1>\n\n\n\n<h1 class=\"wp-block-heading\"><a href=\"https:\/\/www.dasinvestment.com\/\" target=\"_blank\" rel=\"noreferrer noopener\">DAS INVESTMENT<\/a>&#8211;&nbsp;DAS INVESTMENT<\/h1>\n\n\n\n<p><\/p>\n\n\n<p><BR><BR><BR><BR><\/p>\n\n\n\n<figure class=\"wp-block-gallery has-nested-images columns-default is-cropped black-bar wp-block-gallery-1 is-layout-flex wp-block-gallery-is-layout-flex wp-block-gallery-2\"\/>\n\n<figure class=\"wp-block-image size-large\"><img loading=\"lazy\" decoding=\"async\" width=\"2560\" height=\"1440\" data-id=\"142\" src=\"https:\/\/www.maikprotte.de\/wordpress\/wp-content\/uploads\/2025\/10\/iStock-1464561575-scaled.jpg\" alt=\"\" class=\"wp-image-142\" style=\"width:80%;height:80%\"\/><\/figure>\n\n\n<figure class=\"wp-block-image size-large\"><img loading=\"lazy\" decoding=\"async\" width=\"1024\" height=\"576\" data-id=\"57\" src=\"https:\/\/www.maikprotte.de\/wordpress\/wp-content\/uploads\/2025\/10\/AdobeStock_189224821-1024x576.jpeg\" alt=\"\" class=\"wp-image-57\" style=\"width:80%;height:80%\" srcset=\"https:\/\/www.maikprotte.de\/wordpress\/wp-content\/uploads\/2025\/10\/AdobeStock_189224821-1024x576.jpeg 1024w, https:\/\/www.maikprotte.de\/wordpress\/wp-content\/uploads\/2025\/10\/AdobeStock_189224821-300x169.jpeg 300w, https:\/\/www.maikprotte.de\/wordpress\/wp-content\/uploads\/2025\/10\/AdobeStock_189224821-768x432.jpeg 768w, https:\/\/www.maikprotte.de\/wordpress\/wp-content\/uploads\/2025\/10\/AdobeStock_189224821-1536x864.jpeg 1536w, https:\/\/www.maikprotte.de\/wordpress\/wp-content\/uploads\/2025\/10\/AdobeStock_189224821-2048x1152.jpeg 2048w, https:\/\/www.maikprotte.de\/wordpress\/wp-content\/uploads\/2025\/10\/AdobeStock_189224821-624x351.jpeg 624w\" sizes=\"auto, (max-width: 1024px) 100vw, 1024px\" \/><\/figure>\n\n\n<figure class=\"wp-block-image size-large\"><img loading=\"lazy\" decoding=\"async\" width=\"1024\" height=\"683\" data-id=\"67\" src=\"https:\/\/www.maikprotte.de\/wordpress\/wp-content\/uploads\/2025\/10\/AdobeStock_568495892-1024x683.jpeg\" alt=\"\" class=\"wp-image-67\" style=\"width:80%;height:80%\" srcset=\"https:\/\/www.maikprotte.de\/wordpress\/wp-content\/uploads\/2025\/10\/AdobeStock_568495892-1024x683.jpeg 1024w, https:\/\/www.maikprotte.de\/wordpress\/wp-content\/uploads\/2025\/10\/AdobeStock_568495892-300x200.jpeg 300w, https:\/\/www.maikprotte.de\/wordpress\/wp-content\/uploads\/2025\/10\/AdobeStock_568495892-768x512.jpeg 768w, https:\/\/www.maikprotte.de\/wordpress\/wp-content\/uploads\/2025\/10\/AdobeStock_568495892-1536x1024.jpeg 1536w\" sizes=\"auto, (max-width: 1024px) 100vw, 1024px\" \/><\/figure>\n\n<\/figure>\n\n\n<ul class=\"wp-block-social-links is-content-justification-center is-layout-flex wp-container-core-social-links-is-layout-16018d1d wp-block-social-links-is-layout-flex\">\n\n<div style=\"margin-bottom:6px;\" class=\"aligncenter wp-block-site-logo\"><a href=\"https:\/\/www.maikprotte.de\/wordpress\/\" class=\"custom-logo-link\" rel=\"home\"><img loading=\"lazy\" decoding=\"async\" width=\"30\" height=\"30\" src=\"https:\/\/www.maikprotte.de\/wordpress\/wp-content\/uploads\/2025\/10\/cropped-codeblocks.png\" class=\"custom-logo\" alt=\"Herzlich Willkommen. Sch&ouml;n, dass Sie heute bei mir sind. Welcome. Glad you are with me today and with best wishes.\" srcset=\"https:\/\/www.maikprotte.de\/wordpress\/wp-content\/uploads\/2025\/10\/cropped-codeblocks.png 512w, https:\/\/www.maikprotte.de\/wordpress\/wp-content\/uploads\/2025\/10\/cropped-codeblocks-300x300.png 300w, https:\/\/www.maikprotte.de\/wordpress\/wp-content\/uploads\/2025\/10\/cropped-codeblocks-150x150.png 150w, https:\/\/www.maikprotte.de\/wordpress\/wp-content\/uploads\/2025\/10\/cropped-codeblocks-270x270.png 270w, https:\/\/www.maikprotte.de\/wordpress\/wp-content\/uploads\/2025\/10\/cropped-codeblocks-192x192.png 192w, https:\/\/www.maikprotte.de\/wordpress\/wp-content\/uploads\/2025\/10\/cropped-codeblocks-180x180.png 180w, https:\/\/www.maikprotte.de\/wordpress\/wp-content\/uploads\/2025\/10\/cropped-codeblocks-32x32.png 32w\" sizes=\"auto, (max-width: 30px) 100vw, 30px\" \/><\/a><\/div>\n","protected":false},"excerpt":{"rendered":"<p>CNBC&#8211;&nbsp;International Business, World News &#038; Global Stock Market Analysis Deutsche B\u00f6rse&#8211;&nbsp;Gruppe Deutsche B\u00f6rse Der Bank Blog&#8211;&nbsp;Der Bank Blog: Trends und Strategien f\u00fcr Finanzdienstleister manager magazin&#8211;&nbsp;Wirtschaftsnachrichten DAS INVESTMENT&#8211;&nbsp;DAS INVESTMENT<\/p>\n","protected":false},"author":1,"featured_media":46,"parent":0,"menu_order":0,"comment_status":"closed","ping_status":"closed","template":"page-templates\/full-width.php","meta":{"om_disable_all_campaigns":false,"_monsterinsights_skip_tracking":false,"_monsterinsights_sitenote_active":false,"_monsterinsights_sitenote_note":"","_monsterinsights_sitenote_category":0,"footnotes":""},"class_list":["post-45","page","type-page","status-publish","has-post-thumbnail","hentry"],"aioseo_notices":[],"jetpack_sharing_enabled":true,"_links":{"self":[{"href":"https:\/\/www.maikprotte.de\/wordpress\/wp-json\/wp\/v2\/pages\/45","targetHints":{"allow":["GET"]}}],"collection":[{"href":"https:\/\/www.maikprotte.de\/wordpress\/wp-json\/wp\/v2\/pages"}],"about":[{"href":"https:\/\/www.maikprotte.de\/wordpress\/wp-json\/wp\/v2\/types\/page"}],"author":[{"embeddable":true,"href":"https:\/\/www.maikprotte.de\/wordpress\/wp-json\/wp\/v2\/users\/1"}],"replies":[{"embeddable":true,"href":"https:\/\/www.maikprotte.de\/wordpress\/wp-json\/wp\/v2\/comments?post=45"}],"version-history":[{"count":99,"href":"https:\/\/www.maikprotte.de\/wordpress\/wp-json\/wp\/v2\/pages\/45\/revisions"}],"predecessor-version":[{"id":855,"href":"https:\/\/www.maikprotte.de\/wordpress\/wp-json\/wp\/v2\/pages\/45\/revisions\/855"}],"wp:featuredmedia":[{"embeddable":true,"href":"https:\/\/www.maikprotte.de\/wordpress\/wp-json\/wp\/v2\/media\/46"}],"wp:attachment":[{"href":"https:\/\/www.maikprotte.de\/wordpress\/wp-json\/wp\/v2\/media?parent=45"}],"curies":[{"name":"wp","href":"https:\/\/api.w.org\/{rel}","templated":true}]}}