{"id":109,"date":"2025-10-28T20:39:07","date_gmt":"2025-10-28T20:39:07","guid":{"rendered":"https:\/\/www.maikprotte.de\/wordpress\/?page_id=109"},"modified":"2026-02-19T11:00:25","modified_gmt":"2026-02-19T11:00:25","slug":"itebusiness","status":"publish","type":"page","link":"https:\/\/www.maikprotte.de\/wordpress\/itebusiness\/","title":{"rendered":"\u229eit&amp;ebusiness"},"content":{"rendered":"<div class='__iawmlf-post-loop-links' style='display:none;' data-iawmlf-post-links='[{&quot;id&quot;:51,&quot;href&quot;:&quot;https:\\\/\\\/www.microsoft.com\\\/de-de\\\/about&quot;,&quot;archived_href&quot;:&quot;https:\\\/\\\/web-wp.archive.org\\\/web\\\/20260226073054\\\/https:\\\/\\\/www.microsoft.com\\\/de-de\\\/about&quot;,&quot;redirect_href&quot;:&quot;&quot;,&quot;checks&quot;:[{&quot;date&quot;:&quot;2026-03-11 13:40:44&quot;,&quot;http_code&quot;:206},{&quot;date&quot;:&quot;2026-03-17 09:54:07&quot;,&quot;http_code&quot;:206},{&quot;date&quot;:&quot;2026-03-23 04:09:51&quot;,&quot;http_code&quot;:206},{&quot;date&quot;:&quot;2026-04-03 11:54:42&quot;,&quot;http_code&quot;:206},{&quot;date&quot;:&quot;2026-04-09 10:08:42&quot;,&quot;http_code&quot;:206}],&quot;broken&quot;:false,&quot;last_checked&quot;:{&quot;date&quot;:&quot;2026-04-09 10:08:42&quot;,&quot;http_code&quot;:206},&quot;process&quot;:&quot;done&quot;},{&quot;id&quot;:52,&quot;href&quot;:&quot;https:\\\/\\\/investor.apple.com\\\/our_values\\\/default.aspx&quot;,&quot;archived_href&quot;:&quot;https:\\\/\\\/web-wp.archive.org\\\/web\\\/20260211121412\\\/https:\\\/\\\/investor.apple.com\\\/our_values\\\/default.aspx&quot;,&quot;redirect_href&quot;:&quot;&quot;,&quot;checks&quot;:[{&quot;date&quot;:&quot;2026-03-11 13:40:46&quot;,&quot;http_code&quot;:403},{&quot;date&quot;:&quot;2026-03-17 09:54:06&quot;,&quot;http_code&quot;:403},{&quot;date&quot;:&quot;2026-03-23 04:09:51&quot;,&quot;http_code&quot;:403},{&quot;date&quot;:&quot;2026-04-03 11:54:39&quot;,&quot;http_code&quot;:403},{&quot;date&quot;:&quot;2026-04-09 10:08:47&quot;,&quot;http_code&quot;:403}],&quot;broken&quot;:true,&quot;last_checked&quot;:{&quot;date&quot;:&quot;2026-04-09 10:08:47&quot;,&quot;http_code&quot;:403},&quot;process&quot;:&quot;done&quot;},{&quot;id&quot;:53,&quot;href&quot;:&quot;https:\\\/\\\/www.dell.com\\\/en-us\\\/lp\\\/dt\\\/who-we-are&quot;,&quot;archived_href&quot;:&quot;https:\\\/\\\/web-wp.archive.org\\\/web\\\/20260308053414\\\/https:\\\/\\\/www.dell.com\\\/en-us\\\/lp\\\/dt\\\/who-we-are&quot;,&quot;redirect_href&quot;:&quot;&quot;,&quot;checks&quot;:[{&quot;date&quot;:&quot;2026-03-11 13:40:52&quot;,&quot;http_code&quot;:200},{&quot;date&quot;:&quot;2026-03-17 09:54:07&quot;,&quot;http_code&quot;:200},{&quot;date&quot;:&quot;2026-03-23 04:09:51&quot;,&quot;http_code&quot;:200},{&quot;date&quot;:&quot;2026-04-03 11:54:39&quot;,&quot;http_code&quot;:200},{&quot;date&quot;:&quot;2026-04-09 10:08:43&quot;,&quot;http_code&quot;:200}],&quot;broken&quot;:false,&quot;last_checked&quot;:{&quot;date&quot;:&quot;2026-04-09 10:08:43&quot;,&quot;http_code&quot;:200},&quot;process&quot;:&quot;done&quot;},{&quot;id&quot;:54,&quot;href&quot;:&quot;https:\\\/\\\/www.ecovacs.com\\\/de\\\/about-ecovacs&quot;,&quot;archived_href&quot;:&quot;https:\\\/\\\/web-wp.archive.org\\\/web\\\/20260311134239\\\/https:\\\/\\\/www.ecovacs.com\\\/de\\\/about-ecovacs&quot;,&quot;redirect_href&quot;:&quot;&quot;,&quot;checks&quot;:[{&quot;date&quot;:&quot;2026-03-17 09:54:08&quot;,&quot;http_code&quot;:200},{&quot;date&quot;:&quot;2026-03-23 04:09:52&quot;,&quot;http_code&quot;:200},{&quot;date&quot;:&quot;2026-04-03 11:54:47&quot;,&quot;http_code&quot;:200},{&quot;date&quot;:&quot;2026-04-09 10:08:44&quot;,&quot;http_code&quot;:200}],&quot;broken&quot;:false,&quot;last_checked&quot;:{&quot;date&quot;:&quot;2026-04-09 10:08:44&quot;,&quot;http_code&quot;:200},&quot;process&quot;:&quot;done&quot;},{&quot;id&quot;:55,&quot;href&quot;:&quot;https:\\\/\\\/www.hp.com\\\/de-de\\\/hp-information.html&quot;,&quot;archived_href&quot;:&quot;https:\\\/\\\/web-wp.archive.org\\\/web\\\/20260214210157\\\/https:\\\/\\\/www.hp.com\\\/de-de\\\/hp-information.html&quot;,&quot;redirect_href&quot;:&quot;&quot;,&quot;checks&quot;:[{&quot;date&quot;:&quot;2026-03-11 13:41:00&quot;,&quot;http_code&quot;:200},{&quot;date&quot;:&quot;2026-03-17 09:54:07&quot;,&quot;http_code&quot;:200},{&quot;date&quot;:&quot;2026-03-23 04:09:51&quot;,&quot;http_code&quot;:200},{&quot;date&quot;:&quot;2026-04-03 11:54:53&quot;,&quot;http_code&quot;:200},{&quot;date&quot;:&quot;2026-04-09 10:08:43&quot;,&quot;http_code&quot;:200}],&quot;broken&quot;:false,&quot;last_checked&quot;:{&quot;date&quot;:&quot;2026-04-09 10:08:43&quot;,&quot;http_code&quot;:200},&quot;process&quot;:&quot;done&quot;},{&quot;id&quot;:56,&quot;href&quot;:&quot;https:\\\/\\\/www.ibm.com\\\/about&quot;,&quot;archived_href&quot;:&quot;https:\\\/\\\/web-wp.archive.org\\\/web\\\/20260311083417\\\/https:\\\/\\\/www.ibm.com\\\/about&quot;,&quot;redirect_href&quot;:&quot;&quot;,&quot;checks&quot;:[{&quot;date&quot;:&quot;2026-03-11 13:41:10&quot;,&quot;http_code&quot;:206},{&quot;date&quot;:&quot;2026-03-17 09:54:06&quot;,&quot;http_code&quot;:206},{&quot;date&quot;:&quot;2026-03-23 04:09:50&quot;,&quot;http_code&quot;:206},{&quot;date&quot;:&quot;2026-04-03 11:54:56&quot;,&quot;http_code&quot;:206},{&quot;date&quot;:&quot;2026-04-09 10:08:43&quot;,&quot;http_code&quot;:206}],&quot;broken&quot;:false,&quot;last_checked&quot;:{&quot;date&quot;:&quot;2026-04-09 10:08:43&quot;,&quot;http_code&quot;:206},&quot;process&quot;:&quot;done&quot;},{&quot;id&quot;:57,&quot;href&quot;:&quot;https:\\\/\\\/www.samsung.com\\\/de\\\/about-us\\\/company-info&quot;,&quot;archived_href&quot;:&quot;https:\\\/\\\/web-wp.archive.org\\\/web\\\/20260225212613\\\/https:\\\/\\\/www.samsung.com\\\/de\\\/about-us\\\/company-info\\\/&quot;,&quot;redirect_href&quot;:&quot;&quot;,&quot;checks&quot;:[{&quot;date&quot;:&quot;2026-03-11 13:41:13&quot;,&quot;http_code&quot;:200},{&quot;date&quot;:&quot;2026-03-17 09:54:09&quot;,&quot;http_code&quot;:200},{&quot;date&quot;:&quot;2026-04-03 11:54:54&quot;,&quot;http_code&quot;:200},{&quot;date&quot;:&quot;2026-04-09 10:08:43&quot;,&quot;http_code&quot;:200}],&quot;broken&quot;:false,&quot;last_checked&quot;:{&quot;date&quot;:&quot;2026-04-09 10:08:43&quot;,&quot;http_code&quot;:200},&quot;process&quot;:&quot;done&quot;}]'><\/div><style>\n    a {\n      text-decoration: none;\n      color: #000000; \/* optional: Linkfarbe *\/\n    }\n    a:hover {\n      text-decoration: underline; \/* optional: Unterstreichung beim Hover *\/\n    }\n  <\/style>\n\n\n<figure class=\"wp-block-image size-large is-resized\"><img loading=\"lazy\" decoding=\"async\" width=\"1024\" height=\"576\" src=\"https:\/\/www.maikprotte.de\/wordpress\/wp-content\/uploads\/2025\/10\/AdobeStock_189224821-1024x576.jpeg\" alt=\"\" class=\"wp-image-57\" style=\"width:587px;height:auto\" srcset=\"https:\/\/www.maikprotte.de\/wordpress\/wp-content\/uploads\/2025\/10\/AdobeStock_189224821-1024x576.jpeg 1024w, https:\/\/www.maikprotte.de\/wordpress\/wp-content\/uploads\/2025\/10\/AdobeStock_189224821-300x169.jpeg 300w, https:\/\/www.maikprotte.de\/wordpress\/wp-content\/uploads\/2025\/10\/AdobeStock_189224821-768x432.jpeg 768w, https:\/\/www.maikprotte.de\/wordpress\/wp-content\/uploads\/2025\/10\/AdobeStock_189224821-1536x864.jpeg 1536w, https:\/\/www.maikprotte.de\/wordpress\/wp-content\/uploads\/2025\/10\/AdobeStock_189224821-2048x1152.jpeg 2048w, https:\/\/www.maikprotte.de\/wordpress\/wp-content\/uploads\/2025\/10\/AdobeStock_189224821-624x351.jpeg 624w\" sizes=\"auto, (max-width: 1024px) 100vw, 1024px\" \/><\/figure>\n\n<BR>\n\n<div class=\"wp-block-font-awesome-icon wp-font-awesome-icon\" style=\"display:flex;justify-content:left\"><svg aria-hidden=\"true\" focusable=\"false\" data-prefix=\"fas\" data-icon=\"wifi\" class=\"svg-inline--fa fa-wifi fa-beat-fade \" role=\"img\" xmlns=\"http:\/\/www.w3.org\/2000\/svg\" viewBox=\"0 0 576 512\" style=\"font-size:4em\" color=\"#444\"><path fill=\"currentColor\" d=\"M288 96c-90.9 0-173.2 36-233.7 94.6-12.7 12.3-33 12-45.2-.7s-12-33 .7-45.2C81.7 74.9 179.9 32 288 32S494.3 74.9 566.3 144.7c12.7 12.3 13 32.6 .7 45.2s-32.6 13-45.2 .7C461.2 132 378.9 96 288 96zM240 432a48 48 0 1 1 96 0 48 48 0 1 1 -96 0zM168 326.2c-11.7 13.3-31.9 14.5-45.2 2.8s-14.5-31.9-2.8-45.2C161 237.4 221.1 208 288 208s127 29.4 168 75.8c11.7 13.3 10.4 33.5-2.8 45.2s-33.5 10.4-45.2-2.8C378.6 292.9 335.8 272 288 272s-90.6 20.9-120 54.2z\"><\/path><\/svg><\/div>\n\n\n<p><br \/>\n<svg xmlns=\"http:\/\/www.w3.org\/2000\/svg\" x=\"0px\" y=\"0px\" width=\"70\" height=\"70\" viewBox=\"0 0 48 48\">\n<path fill=\"#ff5722\" d=\"M6 6H22V22H6z\" transform=\"rotate(-180 14 14)\"><\/path><path fill=\"#4caf50\" d=\"M26 6H42V22H26z\" transform=\"rotate(-180 34 14)\"><\/path><path fill=\"#ffc107\" d=\"M26 26H42V42H26z\" transform=\"rotate(-180 34 34)\"><\/path><path fill=\"#03a9f4\" d=\"M6 26H22V42H6z\" transform=\"rotate(-180 14 34)\"><\/path>\n<\/svg><\/p>\n\n\n\n<p>&nbsp;<\/p>\n\n<h1><a href=\"https:\/\/www.microsoft.com\/de-de\/about\">Microsoft<\/a>&nbsp;&#8211;&nbsp;\u00dcber Microsoft&nbsp;|&nbsp;Mission und Vision<\/h1>\n\n<h1><a href=\"https:\/\/investor.apple.com\/our_values\/default.aspx\">Our Values<\/a>&nbsp;&#8211;&nbsp;Apple<\/h1>\n\n<h1><a href=\"https:\/\/www.dell.com\/en-us\/lp\/dt\/who-we-are\">DELL Technologies<\/a>&nbsp;&#8211;&nbsp;Who We Are&nbsp;|&nbsp;Dell USA<\/h1>\n\n<h1><a href=\"https:\/\/www.ecovacs.com\/de\/about-ecovacs\">ECOVACS<\/a>&nbsp;&#8211;&nbsp;\u00dcber ECOVACS Robotik f\u00fcr Alle<\/h1>\n\n<h1><a href=\"https:\/\/www.hp.com\/de-de\/hp-information.html\">HP<\/a>&nbsp;&#8211;&nbsp;Wir \u00fcber uns&nbsp;|&nbsp;HP Deutschland<\/h1>\n\n<h1><a href=\"https:\/\/www.ibm.com\/about\">IBM<\/a>&nbsp;&#8211;&nbsp;About&nbsp;|&nbsp;IBM<\/h1>\n\n<h1><a href=\"https:\/\/www.samsung.com\/de\/about-us\/company-info\/\">SAMSUNG<\/a>&nbsp;&#8211;&nbsp;\u00dcber uns&nbsp;|&nbsp;Samsung Deutschland<\/h1>\n\n<p>&nbsp;<\/p>\n\n\n<p><BR><BR><BR><BR><BR><BR><BR><BR><BR><BR><BR><BR><\/p>\n\n\n<figure class=\"wp-block-gallery has-nested-images columns-default is-cropped black-bar wp-block-gallery-1 is-layout-flex wp-block-gallery-is-layout-flex wp-block-gallery-2\"\/>\n<figure class=\"wp-block-image size-large\"><img loading=\"lazy\" decoding=\"async\" width=\"2560\" height=\"1440\" data-id=\"142\" src=\"https:\/\/www.maikprotte.de\/wordpress\/wp-content\/uploads\/2025\/10\/iStock-1464561575-scaled.jpg\" alt=\"\" class=\"wp-image-142\"\/><\/figure>\n\n\n\n<figure class=\"wp-block-image size-large\"><img loading=\"lazy\" decoding=\"async\" width=\"1024\" height=\"576\" data-id=\"57\" src=\"https:\/\/www.maikprotte.de\/wordpress\/wp-content\/uploads\/2025\/10\/AdobeStock_189224821-1024x576.jpeg\" alt=\"\" class=\"wp-image-57\" srcset=\"https:\/\/www.maikprotte.de\/wordpress\/wp-content\/uploads\/2025\/10\/AdobeStock_189224821-1024x576.jpeg 1024w, https:\/\/www.maikprotte.de\/wordpress\/wp-content\/uploads\/2025\/10\/AdobeStock_189224821-300x169.jpeg 300w, https:\/\/www.maikprotte.de\/wordpress\/wp-content\/uploads\/2025\/10\/AdobeStock_189224821-768x432.jpeg 768w, https:\/\/www.maikprotte.de\/wordpress\/wp-content\/uploads\/2025\/10\/AdobeStock_189224821-1536x864.jpeg 1536w, https:\/\/www.maikprotte.de\/wordpress\/wp-content\/uploads\/2025\/10\/AdobeStock_189224821-2048x1152.jpeg 2048w, https:\/\/www.maikprotte.de\/wordpress\/wp-content\/uploads\/2025\/10\/AdobeStock_189224821-624x351.jpeg 624w\" sizes=\"auto, (max-width: 1024px) 100vw, 1024px\" \/><\/figure>\n\n\n\n<figure class=\"wp-block-image size-large\"><img loading=\"lazy\" decoding=\"async\" width=\"1024\" height=\"683\" data-id=\"67\" src=\"https:\/\/www.maikprotte.de\/wordpress\/wp-content\/uploads\/2025\/10\/AdobeStock_568495892-1024x683.jpeg\" alt=\"\" class=\"wp-image-67\" srcset=\"https:\/\/www.maikprotte.de\/wordpress\/wp-content\/uploads\/2025\/10\/AdobeStock_568495892-1024x683.jpeg 1024w, https:\/\/www.maikprotte.de\/wordpress\/wp-content\/uploads\/2025\/10\/AdobeStock_568495892-300x200.jpeg 300w, https:\/\/www.maikprotte.de\/wordpress\/wp-content\/uploads\/2025\/10\/AdobeStock_568495892-768x512.jpeg 768w, https:\/\/www.maikprotte.de\/wordpress\/wp-content\/uploads\/2025\/10\/AdobeStock_568495892-1536x1024.jpeg 1536w\" sizes=\"auto, (max-width: 1024px) 100vw, 1024px\" \/><\/figure>\n<\/figure>\n\n\n\n\n<div style=\"margin-bottom:6px;\" class=\"aligncenter wp-block-site-logo\"><a href=\"https:\/\/www.maikprotte.de\/wordpress\/\" class=\"custom-logo-link\" rel=\"home\"><img loading=\"lazy\" decoding=\"async\" width=\"30\" height=\"30\" src=\"https:\/\/www.maikprotte.de\/wordpress\/wp-content\/uploads\/2025\/10\/cropped-codeblocks.png\" class=\"custom-logo\" alt=\"Herzlich Willkommen. Sch&ouml;n, dass Sie heute bei mir sind. Welcome. Glad you are with me today and with best wishes.\" srcset=\"https:\/\/www.maikprotte.de\/wordpress\/wp-content\/uploads\/2025\/10\/cropped-codeblocks.png 512w, https:\/\/www.maikprotte.de\/wordpress\/wp-content\/uploads\/2025\/10\/cropped-codeblocks-300x300.png 300w, https:\/\/www.maikprotte.de\/wordpress\/wp-content\/uploads\/2025\/10\/cropped-codeblocks-150x150.png 150w, https:\/\/www.maikprotte.de\/wordpress\/wp-content\/uploads\/2025\/10\/cropped-codeblocks-270x270.png 270w, https:\/\/www.maikprotte.de\/wordpress\/wp-content\/uploads\/2025\/10\/cropped-codeblocks-192x192.png 192w, https:\/\/www.maikprotte.de\/wordpress\/wp-content\/uploads\/2025\/10\/cropped-codeblocks-180x180.png 180w, https:\/\/www.maikprotte.de\/wordpress\/wp-content\/uploads\/2025\/10\/cropped-codeblocks-32x32.png 32w\" sizes=\"auto, (max-width: 30px) 100vw, 30px\" \/><\/a><\/div>","protected":false},"excerpt":{"rendered":"<p>&nbsp; Microsoft&nbsp;&#8211;&nbsp;\u00dcber Microsoft&nbsp;|&nbsp;Mission und Vision Our Values&nbsp;&#8211;&nbsp;Apple DELL Technologies&nbsp;&#8211;&nbsp;Who We Are&nbsp;|&nbsp;Dell USA ECOVACS&nbsp;&#8211;&nbsp;\u00dcber ECOVACS Robotik f\u00fcr Alle HP&nbsp;&#8211;&nbsp;Wir \u00fcber uns&nbsp;|&nbsp;HP Deutschland IBM&nbsp;&#8211;&nbsp;About&nbsp;|&nbsp;IBM SAMSUNG&nbsp;&#8211;&nbsp;\u00dcber uns&nbsp;|&nbsp;Samsung Deutschland &nbsp;<\/p>\n","protected":false},"author":1,"featured_media":0,"parent":0,"menu_order":0,"comment_status":"closed","ping_status":"closed","template":"page-templates\/full-width.php","meta":{"om_disable_all_campaigns":false,"_monsterinsights_skip_tracking":false,"_monsterinsights_sitenote_active":false,"_monsterinsights_sitenote_note":"","_monsterinsights_sitenote_category":0,"footnotes":""},"class_list":["post-109","page","type-page","status-publish","hentry"],"aioseo_notices":[],"jetpack_sharing_enabled":true,"_links":{"self":[{"href":"https:\/\/www.maikprotte.de\/wordpress\/wp-json\/wp\/v2\/pages\/109","targetHints":{"allow":["GET"]}}],"collection":[{"href":"https:\/\/www.maikprotte.de\/wordpress\/wp-json\/wp\/v2\/pages"}],"about":[{"href":"https:\/\/www.maikprotte.de\/wordpress\/wp-json\/wp\/v2\/types\/page"}],"author":[{"embeddable":true,"href":"https:\/\/www.maikprotte.de\/wordpress\/wp-json\/wp\/v2\/users\/1"}],"replies":[{"embeddable":true,"href":"https:\/\/www.maikprotte.de\/wordpress\/wp-json\/wp\/v2\/comments?post=109"}],"version-history":[{"count":37,"href":"https:\/\/www.maikprotte.de\/wordpress\/wp-json\/wp\/v2\/pages\/109\/revisions"}],"predecessor-version":[{"id":852,"href":"https:\/\/www.maikprotte.de\/wordpress\/wp-json\/wp\/v2\/pages\/109\/revisions\/852"}],"wp:attachment":[{"href":"https:\/\/www.maikprotte.de\/wordpress\/wp-json\/wp\/v2\/media?parent=109"}],"curies":[{"name":"wp","href":"https:\/\/api.w.org\/{rel}","templated":true}]}}